{"id":7,"date":"2020-11-07T22:17:38","date_gmt":"2020-11-07T21:17:38","guid":{"rendered":"http:\/\/www.odomove.cz\/?page_id=7"},"modified":"2026-05-13T09:47:45","modified_gmt":"2026-05-13T07:47:45","slug":"o-nas","status":"publish","type":"page","link":"https:\/\/www.odomove.cz\/index.php\/o-nas\/","title":{"rendered":"O n\u00e1s"},"content":{"rendered":"\n<p class=\"has-text-align-left\">Jsme t\u00fdm. Jsme dv\u011b kamar\u00e1dky, Lucie a Pavl\u00edna. Ka\u017ed\u00e1 jsme \u00fapln\u011b jin\u00e1. Ale spojuje n\u00e1s touha d\u011blat domovy hez\u010d\u00ed, v\u00e1\u0161 styl vyt\u0159\u00edben\u011bj\u0161\u00ed a rodiny spokojen\u011bj\u0161\u00ed.<\/p>\n\n\n\n<p class=\"has-text-align-left\">Spojil n\u00e1s kosmetick\u00fd moloch n\u011bkdy p\u0159ed 14 lety a te\u010f rozd\u011bluje jen park mezi na\u0161imi domovy. Spolu n\u00e1m to jde kr\u00e1sn\u011b, dopl\u0148ujeme se a velmi efektivn\u011b diskutujeme. <\/p>\n\n\n\n<p>Nen\u00ed \u010das ztr\u00e1cet \u010das. Na\u0161e rodiny maj\u00ed dohromady 9 \u010dlen\u016f a my v\u00edme, \u017ee je pot\u0159eba si v\u0161e dob\u0159e zorganizovat.<\/p>\n\n\n\n<p><\/p>\n\n\n\n<figure class=\"wp-block-image size-large\"><img decoding=\"async\" loading=\"lazy\" width=\"1024\" height=\"393\" src=\"https:\/\/www.odomove.cz\/wp-content\/uploads\/2026\/05\/cropped-mydvesirka-scaled-1-1024x393.jpg\" alt=\"\" class=\"wp-image-308\" srcset=\"https:\/\/www.odomove.cz\/wp-content\/uploads\/2026\/05\/cropped-mydvesirka-scaled-1-1024x393.jpg 1024w, https:\/\/www.odomove.cz\/wp-content\/uploads\/2026\/05\/cropped-mydvesirka-scaled-1-300x115.jpg 300w, https:\/\/www.odomove.cz\/wp-content\/uploads\/2026\/05\/cropped-mydvesirka-scaled-1-768x295.jpg 768w, https:\/\/www.odomove.cz\/wp-content\/uploads\/2026\/05\/cropped-mydvesirka-scaled-1-1140x438.jpg 1140w, https:\/\/www.odomove.cz\/wp-content\/uploads\/2026\/05\/cropped-mydvesirka-scaled-1.jpg 1500w\" sizes=\"(max-width: 1024px) 100vw, 1024px\" \/><\/figure>\n\n\n\n<p><\/p>\n\n\n\n<p><\/p>\n\n\n\n<h4>LUCIE<\/h4>\n\n\n\n<p class=\"has-text-align-left\">Lucii zn\u00e1m z velk\u00e9ho kosmetick\u00e9ho korpor\u00e1tu, u\u017e v\u00edc ne\u017e 16 let. V\u017edy mezi prvn\u00edmi plnila moje finan\u010dn\u00ed a rozpo\u010dtov\u00e9 tabulky, bez zbyte\u010dn\u00fdch \u0159e\u010d\u00ed a dotaz\u016f. Svoj\u00ed pr\u00e1ci v marketingu skv\u011ble rozum\u011bla. Pak se na\u0161e cesty rozd\u011blily.\u00a0<br>Lucie tuto dobu str\u00e1vila na cest\u00e1ch mezi pa\u0159\u00ed\u017esk\u00fdmi fashion weeky, kosmetick\u00fdmi laborato\u0159emi a mil\u00e1nsk\u00fdmi Salone Del Mobile. Svou v\u00e1\u0161e\u0148 pro m\u00f3du, design a kosmetiku dok\u00e1zala p\u0159etavit v\u00a0konstantn\u00ed styling kohokoliv a \u010dehokoliv. Jej\u00ed n\u00e1v\u0161t\u011bvy u kamar\u00e1d\u016f v\u011bt\u0161inou kon\u010d\u00ed p\u0159esouv\u00e1n\u00edm n\u00e1bytku nebo t\u0159\u00edd\u011bn\u00edm kabelek je\u0161t\u011b p\u0159i lou\u010den\u00ed mezi dve\u0159mi. <\/p>\n\n\n\n<p class=\"has-text-align-left\">M\u00e1 neuv\u011b\u0159iteln\u00fd cit pro detail a barevn\u00e9 kombinace a krom\u011b dvou extr\u00e9mn\u011b \u017eiv\u00fdch d\u011bt\u00ed zvl\u00e1d\u00e1 3 dom\u00e1cnosti.&nbsp;Hodn\u011b a po\u0159\u00e1d mluv\u00ed, pl\u00e1nuje \u0161\u00edlen\u00e9 projekty a ni\u010deho se neboj\u00ed. Jde do v\u0161eho st\u0159emhlav a po sv\u00e9m. Kdo v\u00ed, co v\u0161e byste se dozv\u011bd\u011bli, kdybych ji ob\u010das trochu nebrzdila.&nbsp;<\/p>\n\n\n\n<figure class=\"wp-block-image size-large\"><img decoding=\"async\" loading=\"lazy\" width=\"1024\" height=\"394\" src=\"https:\/\/www.odomove.cz\/wp-content\/uploads\/2026\/05\/Copy-of-Untitled-Design-1024x394.jpg\" alt=\"\" class=\"wp-image-312\" srcset=\"https:\/\/www.odomove.cz\/wp-content\/uploads\/2026\/05\/Copy-of-Untitled-Design-1024x394.jpg 1024w, https:\/\/www.odomove.cz\/wp-content\/uploads\/2026\/05\/Copy-of-Untitled-Design-300x115.jpg 300w, https:\/\/www.odomove.cz\/wp-content\/uploads\/2026\/05\/Copy-of-Untitled-Design-768x295.jpg 768w, https:\/\/www.odomove.cz\/wp-content\/uploads\/2026\/05\/Copy-of-Untitled-Design-1140x438.jpg 1140w, https:\/\/www.odomove.cz\/wp-content\/uploads\/2026\/05\/Copy-of-Untitled-Design.jpg 1300w\" sizes=\"(max-width: 1024px) 100vw, 1024px\" \/><\/figure>\n\n\n\n<p><\/p>\n\n\n\n<p><\/p>\n\n\n\n<p><\/p>\n\n\n\n<h4>PAVL\u00cdNA<\/h4>\n\n\n\n<p>Pavl\u00edna jako finan\u010dn\u00ed mana\u017eer opustila korpor\u00e1t, aby se vrhla po hlav\u011b do vlastn\u00edho byznysu. Moc jsem ji za to obdivovala a obdivuji. Je mou velkou inspirac\u00ed. Rozjela podnik\u00e1n\u00ed v&nbsp;oblasti Home Stagingu. Prom\u011b\u0148uje nemovitosti ur\u010den\u00e9 k&nbsp;prodeji nebo k&nbsp;pron\u00e1jmu, aby p\u016fsobily vzdu\u0161n\u011b a p\u0159\u00edjemn\u011b. P\u016fsob\u00ed na emoce kupuj\u00edc\u00edch i d\u00edky v\u00e1\u0161ni pro samotn\u00e9 focen\u00ed interi\u00e9r\u016f. <\/p>\n\n\n\n<p>M\u00e1 \u017eeleznou trp\u011blivost a odvahu se vrhat do \u010dehokoli a p\u0159itom stoj\u00ed nohama velmi pevn\u011b na zemi. P\u0159es v\u00edkend vymaluje cel\u00fd d\u016fm, zrekonstruuje chalupu a jen tak mimod\u011bk jezd\u00ed v&nbsp;ob\u0159\u00ed dod\u00e1vce. St\u00edh\u00e1 b\u011bhat, cvi\u010dit a zvl\u00e1d\u00e1 s&nbsp;p\u0159ehledem sv\u00e9 3 \u00fa\u017easn\u00e9 d\u011bti a ob\u010das p\u0159ibere i n\u011bjak\u00e9 sousedovic.<\/p>\n\n\n\n<figure class=\"wp-block-image size-large\"><img decoding=\"async\" loading=\"lazy\" width=\"1024\" height=\"394\" src=\"https:\/\/www.odomove.cz\/wp-content\/uploads\/2026\/05\/Untitled-design-1-1024x394.jpg\" alt=\"\" class=\"wp-image-315\" srcset=\"https:\/\/www.odomove.cz\/wp-content\/uploads\/2026\/05\/Untitled-design-1-1024x394.jpg 1024w, https:\/\/www.odomove.cz\/wp-content\/uploads\/2026\/05\/Untitled-design-1-300x115.jpg 300w, https:\/\/www.odomove.cz\/wp-content\/uploads\/2026\/05\/Untitled-design-1-768x295.jpg 768w, https:\/\/www.odomove.cz\/wp-content\/uploads\/2026\/05\/Untitled-design-1-1140x438.jpg 1140w, https:\/\/www.odomove.cz\/wp-content\/uploads\/2026\/05\/Untitled-design-1.jpg 1300w\" sizes=\"(max-width: 1024px) 100vw, 1024px\" \/><\/figure>\n","protected":false},"excerpt":{"rendered":"<p>Jsme t\u00fdm. Jsme dv\u011b kamar\u00e1dky, Lucie a Pavl\u00edna. Ka\u017ed\u00e1 jsme \u00fapln\u011b jin\u00e1. Ale spojuje n\u00e1s touha d\u011blat domovy hez\u010d\u00ed, v\u00e1\u0161 styl vyt\u0159\u00edben\u011bj\u0161\u00ed a rodiny spokojen\u011bj\u0161\u00ed. Spojil n\u00e1s kosmetick\u00fd moloch n\u011bkdy p\u0159ed 14 lety a te\u010f rozd\u011bluje jen park mezi na\u0161imi domovy. Spolu n\u00e1m to jde kr\u00e1sn\u011b, dopl\u0148ujeme se a velmi efektivn\u011b diskutujeme. Nen\u00ed \u010das ztr\u00e1cet \u010das. Na\u0161e rodiny maj\u00ed dohromady 9 \u010dlen\u016f a my v\u00edme, \u017ee je pot\u0159eba si v\u0161e dob\u0159e zorganizovat. LUCIE Lucii zn\u00e1m z velk\u00e9ho kosmetick\u00e9ho korpor\u00e1tu, u\u017e v\u00edc ne\u017e 16 let. V\u017edy mezi prvn\u00edmi plnila moje finan\u010dn\u00ed a rozpo\u010dtov\u00e9 tabulky, bez zbyte\u010dn\u00fdch \u0159e\u010d\u00ed a dotaz\u016f. Svoj\u00ed pr\u00e1ci v marketingu skv\u011ble rozum\u011bla. Pak se na\u0161e cesty rozd\u011blily.\u00a0Lucie tuto dobu str\u00e1vila na cest\u00e1ch mezi pa\u0159\u00ed\u017esk\u00fdmi fashion weeky, kosmetick\u00fdmi laborato\u0159emi a mil\u00e1nsk\u00fdmi Salone Del Mobile. Svou v\u00e1\u0161e\u0148 pro m\u00f3du, design a kosmetiku dok\u00e1zala p\u0159etavit v\u00a0konstantn\u00ed styling kohokoliv a \u010dehokoliv. Jej\u00ed n\u00e1v\u0161t\u011bvy u kamar\u00e1d\u016f v\u011bt\u0161inou kon\u010d\u00ed p\u0159esouv\u00e1n\u00edm n\u00e1bytku nebo t\u0159\u00edd\u011bn\u00edm kabelek je\u0161t\u011b p\u0159i lou\u010den\u00ed mezi dve\u0159mi. M\u00e1 neuv\u011b\u0159iteln\u00fd cit pro detail a barevn\u00e9 kombinace a krom\u011b dvou extr\u00e9mn\u011b \u017eiv\u00fdch d\u011bt\u00ed zvl\u00e1d\u00e1 3 dom\u00e1cnosti.&nbsp;Hodn\u011b a po\u0159\u00e1d mluv\u00ed, pl\u00e1nuje \u0161\u00edlen\u00e9 projekty a ni\u010deho se neboj\u00ed. Jde do v\u0161eho st\u0159emhlav a po sv\u00e9m. Kdo v\u00ed, co v\u0161e byste se dozv\u011bd\u011bli, kdybych ji ob\u010das trochu nebrzdila.&nbsp; PAVL\u00cdNA Pavl\u00edna jako finan\u010dn\u00ed mana\u017eer opustila korpor\u00e1t, aby se vrhla po hlav\u011b do vlastn\u00edho byznysu. Moc jsem ji za to obdivovala a obdivuji. Je mou velkou inspirac\u00ed. Rozjela podnik\u00e1n\u00ed v&nbsp;oblasti Home Stagingu. Prom\u011b\u0148uje nemovitosti ur\u010den\u00e9 k&nbsp;prodeji nebo k&nbsp;pron\u00e1jmu, aby p\u016fsobily vzdu\u0161n\u011b a p\u0159\u00edjemn\u011b. P\u016fsob\u00ed na emoce kupuj\u00edc\u00edch i d\u00edky v\u00e1\u0161ni pro samotn\u00e9 focen\u00ed interi\u00e9r\u016f. M\u00e1 \u017eeleznou trp\u011blivost a odvahu se vrhat do \u010dehokoli a p\u0159itom stoj\u00ed nohama velmi pevn\u011b na zemi. P\u0159es v\u00edkend vymaluje cel\u00fd d\u016fm, zrekonstruuje chalupu a jen tak mimod\u011bk jezd\u00ed v&nbsp;ob\u0159\u00ed dod\u00e1vce. St\u00edh\u00e1 b\u011bhat, cvi\u010dit a zvl\u00e1d\u00e1 s&nbsp;p\u0159ehledem sv\u00e9 3 \u00fa\u017easn\u00e9 d\u011bti a ob\u010das p\u0159ibere i n\u011bjak\u00e9 sousedovic.<\/p>\n","protected":false},"author":1,"featured_media":0,"parent":0,"menu_order":0,"comment_status":"closed","ping_status":"closed","template":"","meta":[],"_links":{"self":[{"href":"https:\/\/www.odomove.cz\/index.php\/wp-json\/wp\/v2\/pages\/7"}],"collection":[{"href":"https:\/\/www.odomove.cz\/index.php\/wp-json\/wp\/v2\/pages"}],"about":[{"href":"https:\/\/www.odomove.cz\/index.php\/wp-json\/wp\/v2\/types\/page"}],"author":[{"embeddable":true,"href":"https:\/\/www.odomove.cz\/index.php\/wp-json\/wp\/v2\/users\/1"}],"replies":[{"embeddable":true,"href":"https:\/\/www.odomove.cz\/index.php\/wp-json\/wp\/v2\/comments?post=7"}],"version-history":[{"count":24,"href":"https:\/\/www.odomove.cz\/index.php\/wp-json\/wp\/v2\/pages\/7\/revisions"}],"predecessor-version":[{"id":316,"href":"https:\/\/www.odomove.cz\/index.php\/wp-json\/wp\/v2\/pages\/7\/revisions\/316"}],"wp:attachment":[{"href":"https:\/\/www.odomove.cz\/index.php\/wp-json\/wp\/v2\/media?parent=7"}],"curies":[{"name":"wp","href":"https:\/\/api.w.org\/{rel}","templated":true}]}}