{"id":13,"date":"2020-11-07T22:17:38","date_gmt":"2020-11-07T21:17:38","guid":{"rendered":"http:\/\/www.odomove.cz\/?page_id=13"},"modified":"2026-05-13T10:18:46","modified_gmt":"2026-05-13T08:18:46","slug":"sluzby-pro-vas","status":"publish","type":"page","link":"https:\/\/www.odomove.cz\/index.php\/sluzby-pro-vas\/","title":{"rendered":"Slu\u017eby pro v\u00e1s"},"content":{"rendered":"\n<p>Na\u0161e slu\u017eby jsou velmi individu\u00e1ln\u00ed. V\u017edy si od v\u00e1s vy\u017e\u00e1d\u00e1me n\u011bjak\u00e9 bli\u017e\u0161\u00ed informace a fotografie. Vytvo\u0159\u00edme spole\u010dnou skupinu na WhatsApp, aby byla komunikace snaz\u0161\u00ed a efektivn\u00ed. V\u017edy se sna\u017e\u00edme pracovat p\u0159edev\u0161\u00edm s&nbsp;materi\u00e1lem, kter\u00fd doma m\u00e1te.<\/p>\n\n\n\n<hr class=\"wp-block-separator has-css-opacity\"\/>\n\n\n\n<p><strong>Telefonick\u00e1\/online konzultace<\/strong><\/p>\n\n\n\n<p>Pot\u0159ebujete poradit jak za\u010d\u00edt? Ztr\u00e1c\u00edte se ve stylech a dekorac\u00edch? Tr\u00e1p\u00ed v\u00e1s konkr\u00e9tn\u00ed m\u00edsto ve va\u0161em domov\u011b? Pak je tato z\u00e1kladn\u00ed konzultace pr\u00e1v\u011b pro v\u00e1s. Zept\u00e1me se v\u00e1s na n\u011bkolik ot\u00e1zek a budeme pot\u0159ebovat fotografie. Na konzultaci s&nbsp;v\u00e1mi se tak l\u00e9pe p\u0159iprav\u00edme a p\u016fjdeme pak p\u0159\u00edmo k&nbsp;j\u00e1dru v\u011bci. Na\u0161e online \u010di telefonick\u00e9 setk\u00e1n\u00ed posl\u00e9ze dopln\u00edme seznamem doporu\u010den\u00ed a tip\u016f, v\u0161e za podpory inspirativn\u00edch fotografi\u00ed.<\/p>\n\n\n\n<hr class=\"wp-block-separator has-css-opacity\"\/>\n\n\n\n<p><strong>Home Staging<\/strong> online<\/p>\n\n\n\n<p>Tr\u00e1p\u00ed v\u00e1s konkr\u00e9tn\u00ed m\u00edstnost va\u0161eho domova? Pom\u016f\u017eeme v\u00e1m ji z\u00fatulnit a zorganizovat. Projdeme s&nbsp;v\u00e1mi jednotliv\u00e1 z\u00e1kout\u00ed a doporu\u010d\u00edme, jak s&nbsp;prostorem pracovat. Zam\u011b\u0159\u00edme se na pou\u017eit\u00e9 materi\u00e1ly a barvy. Dolad\u00edme m\u00edstnost tak, aby byla v&nbsp;souladu s v\u00e1mi a p\u0159itom m\u011bla konkr\u00e9tn\u00ed styl a \u0159\u00e1d. Zam\u011b\u0159\u00edme se na pou\u017eit\u00ed v\u011bc\u00ed, kter\u00e9 ji\u017e m\u00e1te, a doporu\u010d\u00edme, co doplnit. Konzultaci rozd\u011bl\u00edme do n\u011bkolika blok\u016f, abyste m\u011bli \u010das prom\u011bnu postupn\u011b vst\u0159ebat a uskute\u010dnit. Spole\u010dn\u011b dolad\u00edme postupn\u011b vznikaj\u00edc\u00ed dotazy. Slu\u017eba je vhodn\u00e1 pro ty z&nbsp;v\u00e1s, kte\u0159\u00ed maj\u00ed cit, a cht\u011bj\u00ed si sv\u00e9 \u201edoma\u201c ladit sami. Budeme v\u00e1m podporou, abyste se v&nbsp;mo\u017enostech l\u00e9pe zorientovali.<\/p>\n\n\n\n<hr class=\"wp-block-separator has-css-opacity\"\/>\n\n\n\n<p><strong>Individu\u00e1ln\u00ed restyling u v\u00e1s doma <\/strong><\/p>\n\n\n\n<p>Chcete n\u00e1s pozvat k&nbsp;v\u00e1m a vy\u0159e\u0161it kompletn\u011b cel\u00fd prostor? Nab\u00edz\u00edme v\u00e1m osobn\u00ed konzultaci, kde si projdeme v\u0161echny m\u00edstnosti, do kter\u00fdch n\u00e1s pust\u00edte. Navrhneme z\u00e1kladn\u00ed zm\u011bny a s va\u0161\u00edm svolen\u00edm je ihned provedeme. Porad\u00edme a doporu\u010d\u00edme dal\u0161\u00ed zm\u011bny. V\u0161e dopln\u00edme souhrnnou zpr\u00e1vou a inspira\u010dn\u00edmi fotografiemi.<\/p>\n\n\n\n<hr class=\"wp-block-separator has-css-opacity\"\/>\n\n\n\n<p><strong>Organizace \u0161atn\u00edku <\/strong>  <\/p>\n\n\n\n<p>M\u00e1te pln\u00e9 sk\u0159\u00edn\u011b, a p\u0159esto ka\u017ed\u00e9 r\u00e1no marn\u011b hled\u00e1te tu spr\u00e1vnou v\u011bc? Projdeme v\u0161echno va\u0161e oble\u010den\u00ed, boty i dopl\u0148ky. Zorganizujeme va\u0161e v\u011bci tak, aby pro v\u00e1s bylo obl\u00e9k\u00e1n\u00ed z\u00e1bavou. Navrhneme mo\u017en\u00e9 zm\u011bny v&nbsp;ulo\u017een\u00ed, vybereme odpov\u00eddaj\u00edc\u00ed organiz\u00e9ry nebo n\u00e1bytek. Vyt\u0159\u00edd\u00edme v\u011bci, kter\u00e9 u\u017e do \u0161atn\u00edku nepat\u0159\u00ed, z\u00e1rove\u0148 navrhneme, jak s&nbsp;nimi nalo\u017eit. Nab\u00eddnout m\u016f\u017eeme i odvoz do bazaru.<\/p>\n\n\n\n<hr class=\"wp-block-separator has-css-opacity\"\/>\n\n\n\n<p><strong>Refit, restyling a organizace \u0161atn\u00edku <\/strong><\/p>\n\n\n\n<p>Tou\u017e\u00edte po zm\u011bn\u011b? Zva\u017eujete kompletn\u00ed restyling va\u0161eho \u0161atn\u00edku? Krom\u011b kompletn\u00ed reorganizace (viz v\u00fd\u0161e), se zam\u011b\u0159\u00edme na v\u00e1\u0161 budouc\u00ed \u0161atn\u00edk, navrhneme kombinace ze st\u00e1vaj\u00edc\u00edch v\u011bc\u00ed, projdeme trendy a doporu\u010d\u00edme, jak\u00e9 pil\u00ed\u0159e \u0161atn\u00edku je pot\u0159eba dokoupit &#8211; 2 n\u00e1v\u0161t\u011bvy.<\/p>\n\n\n\n<hr class=\"wp-block-separator has-css-opacity\"\/>\n\n\n\n<p><strong>Refit a restyling koupelny <\/strong><\/p>\n\n\n\n<p>Tr\u00e1p\u00ed v\u00e1s va\u0161e koupelna? Top\u00edte se v&nbsp;produktech a nev\u00edte, jak v\u0161e poskl\u00e1dat? Zorganizujeme va\u0161i koupelnu s&nbsp;v\u00e1mi. Aby pro v\u00e1s byl n\u00e1sledn\u00fd \u00faklid jednodu\u0161\u0161\u00ed. Navrhneme organiz\u00e9ry, v\u0161e spole\u010dn\u011b vyt\u0159\u00edd\u00edme.<\/p>\n\n\n\n<hr class=\"wp-block-separator has-css-opacity\"\/>\n\n\n\n<p><strong>Refit lo\u017enice<\/strong> <\/p>\n\n\n\n<p>Je lo\u017enice m\u00edstem absolutn\u00edho odpo\u010dinku, nebo se v\u00e1m do n\u00ed ne v\u017edy chce? Vdechn\u011bte sv\u00e9 lo\u017enici novou atmosf\u00e9ru, uvid\u00edte, \u017ee to ocen\u00ed i partner(ka). V\u00fdsledkem je n\u00e1vrh zm\u011bn, moodboard, p\u0159\u00edpadn\u011b seznam produkt\u016f k dokoupen\u00ed)<\/p>\n\n\n\n<hr class=\"wp-block-separator has-css-opacity\"\/>\n\n\n\n<p><strong>Organizace kuchyn\u011b a uchov\u00e1n\u00ed potravin<\/strong> <\/p>\n\n\n\n<p>Pokud je kuchyn\u011b va\u0161\u00ed no\u010dn\u00ed m\u016frou, je tato prom\u011bna ur\u010dena v\u00e1m. Kuchy\u0148 je v\u011bt\u0161inou akc\u00ed na dv\u011b setk\u00e1n\u00ed. P\u0159i prvn\u00ed n\u00e1v\u0161t\u011bv\u011b napl\u00e1nujeme ulo\u017een\u00ed v\u011bc\u00ed, vymysl\u00edme syst\u00e9m a p\u0159i druh\u00e9 v\u0161e dolad\u00edme k dokonalosti za pomoci dokoupen\u00fdch organiz\u00e9r\u016f. N\u00e1dob\u00ed, hrnce i potraviny postav\u00edme do lat\u011b.<\/p>\n\n\n\n<hr class=\"wp-block-separator has-css-opacity\"\/>\n\n\n\n<p><strong>Individu\u00e1ln\u00ed restyling jin\u00fdch prostor<\/strong><\/p>\n\n\n\n<p>Kancel\u00e1\u0159, kosmetick\u00fd salon, mas\u00e9rna? Ka\u017ed\u00fd prostor pot\u0159ebuje n\u011bco jin\u00e9ho, pokud se v\u00e1m neda\u0159\u00ed jej z\u00fatulnit jsme tu pro v\u00e1s.<\/p>\n\n\n\n<div class=\"is-layout-flex wp-container-4 wp-block-columns\">\n<div class=\"is-layout-flow wp-block-column\" style=\"flex-basis:25%\"><\/div>\n\n\n\n<div class=\"is-layout-flow wp-block-column\" style=\"flex-basis:50%\">\n<p><\/p>\n<\/div>\n\n\n\n<div class=\"is-layout-flow wp-block-column\" style=\"flex-basis:25%\"><\/div>\n<\/div>\n\n\n\n<p><\/p>\n","protected":false},"excerpt":{"rendered":"<p>Na\u0161e slu\u017eby jsou velmi individu\u00e1ln\u00ed. V\u017edy si od v\u00e1s vy\u017e\u00e1d\u00e1me n\u011bjak\u00e9 bli\u017e\u0161\u00ed informace a fotografie. Vytvo\u0159\u00edme spole\u010dnou skupinu na WhatsApp, aby byla komunikace snaz\u0161\u00ed a efektivn\u00ed. V\u017edy se sna\u017e\u00edme pracovat p\u0159edev\u0161\u00edm s&nbsp;materi\u00e1lem, kter\u00fd doma m\u00e1te. Telefonick\u00e1\/online konzultace Pot\u0159ebujete poradit jak za\u010d\u00edt? Ztr\u00e1c\u00edte se ve stylech a dekorac\u00edch? Tr\u00e1p\u00ed v\u00e1s konkr\u00e9tn\u00ed m\u00edsto ve va\u0161em domov\u011b? Pak je tato z\u00e1kladn\u00ed konzultace pr\u00e1v\u011b pro v\u00e1s. Zept\u00e1me se v\u00e1s na n\u011bkolik ot\u00e1zek a budeme pot\u0159ebovat fotografie. Na konzultaci s&nbsp;v\u00e1mi se tak l\u00e9pe p\u0159iprav\u00edme a p\u016fjdeme pak p\u0159\u00edmo k&nbsp;j\u00e1dru v\u011bci. Na\u0161e online \u010di telefonick\u00e9 setk\u00e1n\u00ed posl\u00e9ze dopln\u00edme seznamem doporu\u010den\u00ed a tip\u016f, v\u0161e za podpory inspirativn\u00edch fotografi\u00ed. Home Staging online Tr\u00e1p\u00ed v\u00e1s konkr\u00e9tn\u00ed m\u00edstnost va\u0161eho domova? Pom\u016f\u017eeme v\u00e1m ji z\u00fatulnit a zorganizovat. Projdeme s&nbsp;v\u00e1mi jednotliv\u00e1 z\u00e1kout\u00ed a doporu\u010d\u00edme, jak s&nbsp;prostorem pracovat. Zam\u011b\u0159\u00edme se na pou\u017eit\u00e9 materi\u00e1ly a barvy. Dolad\u00edme m\u00edstnost tak, aby byla v&nbsp;souladu s v\u00e1mi a p\u0159itom m\u011bla konkr\u00e9tn\u00ed styl a \u0159\u00e1d. Zam\u011b\u0159\u00edme se na pou\u017eit\u00ed v\u011bc\u00ed, kter\u00e9 ji\u017e m\u00e1te, a doporu\u010d\u00edme, co doplnit. Konzultaci rozd\u011bl\u00edme do n\u011bkolika blok\u016f, abyste m\u011bli \u010das prom\u011bnu postupn\u011b vst\u0159ebat a uskute\u010dnit. Spole\u010dn\u011b dolad\u00edme postupn\u011b vznikaj\u00edc\u00ed dotazy. Slu\u017eba je vhodn\u00e1 pro ty z&nbsp;v\u00e1s, kte\u0159\u00ed maj\u00ed cit, a cht\u011bj\u00ed si sv\u00e9 \u201edoma\u201c ladit sami. Budeme v\u00e1m podporou, abyste se v&nbsp;mo\u017enostech l\u00e9pe zorientovali. Individu\u00e1ln\u00ed restyling u v\u00e1s doma Chcete n\u00e1s pozvat k&nbsp;v\u00e1m a vy\u0159e\u0161it kompletn\u011b cel\u00fd prostor? Nab\u00edz\u00edme v\u00e1m osobn\u00ed konzultaci, kde si projdeme v\u0161echny m\u00edstnosti, do kter\u00fdch n\u00e1s pust\u00edte. Navrhneme z\u00e1kladn\u00ed zm\u011bny a s va\u0161\u00edm svolen\u00edm je ihned provedeme. Porad\u00edme a doporu\u010d\u00edme dal\u0161\u00ed zm\u011bny. V\u0161e dopln\u00edme souhrnnou zpr\u00e1vou a inspira\u010dn\u00edmi fotografiemi. Organizace \u0161atn\u00edku M\u00e1te pln\u00e9 sk\u0159\u00edn\u011b, a p\u0159esto ka\u017ed\u00e9 r\u00e1no marn\u011b hled\u00e1te tu spr\u00e1vnou v\u011bc? Projdeme v\u0161echno va\u0161e oble\u010den\u00ed, boty i dopl\u0148ky. Zorganizujeme va\u0161e v\u011bci tak, aby pro v\u00e1s bylo obl\u00e9k\u00e1n\u00ed z\u00e1bavou. Navrhneme mo\u017en\u00e9 zm\u011bny v&nbsp;ulo\u017een\u00ed, vybereme odpov\u00eddaj\u00edc\u00ed organiz\u00e9ry nebo n\u00e1bytek. Vyt\u0159\u00edd\u00edme v\u011bci, kter\u00e9 u\u017e do \u0161atn\u00edku nepat\u0159\u00ed, z\u00e1rove\u0148 navrhneme, jak s&nbsp;nimi nalo\u017eit. Nab\u00eddnout m\u016f\u017eeme i odvoz do bazaru. Refit, restyling a organizace \u0161atn\u00edku Tou\u017e\u00edte po zm\u011bn\u011b? Zva\u017eujete kompletn\u00ed restyling va\u0161eho \u0161atn\u00edku? Krom\u011b kompletn\u00ed reorganizace (viz v\u00fd\u0161e), se zam\u011b\u0159\u00edme na v\u00e1\u0161 budouc\u00ed \u0161atn\u00edk, navrhneme kombinace ze st\u00e1vaj\u00edc\u00edch v\u011bc\u00ed, projdeme trendy a doporu\u010d\u00edme, jak\u00e9 pil\u00ed\u0159e \u0161atn\u00edku je pot\u0159eba dokoupit &#8211; 2 n\u00e1v\u0161t\u011bvy. Refit a restyling koupelny Tr\u00e1p\u00ed v\u00e1s va\u0161e koupelna? Top\u00edte se v&nbsp;produktech a nev\u00edte, jak v\u0161e poskl\u00e1dat? Zorganizujeme va\u0161i koupelnu s&nbsp;v\u00e1mi. Aby pro v\u00e1s byl n\u00e1sledn\u00fd \u00faklid jednodu\u0161\u0161\u00ed. Navrhneme organiz\u00e9ry, v\u0161e spole\u010dn\u011b vyt\u0159\u00edd\u00edme. Refit lo\u017enice Je lo\u017enice m\u00edstem absolutn\u00edho odpo\u010dinku, nebo se v\u00e1m do n\u00ed ne v\u017edy chce? Vdechn\u011bte sv\u00e9 lo\u017enici novou atmosf\u00e9ru, uvid\u00edte, \u017ee to ocen\u00ed i partner(ka). V\u00fdsledkem je n\u00e1vrh zm\u011bn, moodboard, p\u0159\u00edpadn\u011b seznam produkt\u016f k dokoupen\u00ed) Organizace kuchyn\u011b a uchov\u00e1n\u00ed potravin Pokud je kuchyn\u011b va\u0161\u00ed no\u010dn\u00ed m\u016frou, je tato prom\u011bna ur\u010dena v\u00e1m. Kuchy\u0148 je v\u011bt\u0161inou akc\u00ed na dv\u011b setk\u00e1n\u00ed. P\u0159i prvn\u00ed n\u00e1v\u0161t\u011bv\u011b napl\u00e1nujeme ulo\u017een\u00ed v\u011bc\u00ed, vymysl\u00edme syst\u00e9m a p\u0159i druh\u00e9 v\u0161e dolad\u00edme k dokonalosti za pomoci dokoupen\u00fdch organiz\u00e9r\u016f. N\u00e1dob\u00ed, hrnce i potraviny postav\u00edme do lat\u011b. Individu\u00e1ln\u00ed restyling jin\u00fdch prostor Kancel\u00e1\u0159, kosmetick\u00fd salon, mas\u00e9rna? Ka\u017ed\u00fd prostor pot\u0159ebuje n\u011bco jin\u00e9ho, pokud se v\u00e1m neda\u0159\u00ed jej z\u00fatulnit jsme tu pro v\u00e1s.<\/p>\n","protected":false},"author":1,"featured_media":0,"parent":0,"menu_order":0,"comment_status":"closed","ping_status":"closed","template":"","meta":[],"_links":{"self":[{"href":"https:\/\/www.odomove.cz\/index.php\/wp-json\/wp\/v2\/pages\/13"}],"collection":[{"href":"https:\/\/www.odomove.cz\/index.php\/wp-json\/wp\/v2\/pages"}],"about":[{"href":"https:\/\/www.odomove.cz\/index.php\/wp-json\/wp\/v2\/types\/page"}],"author":[{"embeddable":true,"href":"https:\/\/www.odomove.cz\/index.php\/wp-json\/wp\/v2\/users\/1"}],"replies":[{"embeddable":true,"href":"https:\/\/www.odomove.cz\/index.php\/wp-json\/wp\/v2\/comments?post=13"}],"version-history":[{"count":12,"href":"https:\/\/www.odomove.cz\/index.php\/wp-json\/wp\/v2\/pages\/13\/revisions"}],"predecessor-version":[{"id":306,"href":"https:\/\/www.odomove.cz\/index.php\/wp-json\/wp\/v2\/pages\/13\/revisions\/306"}],"wp:attachment":[{"href":"https:\/\/www.odomove.cz\/index.php\/wp-json\/wp\/v2\/media?parent=13"}],"curies":[{"name":"wp","href":"https:\/\/api.w.org\/{rel}","templated":true}]}}